{"id":1843,"date":"2020-12-16T19:55:11","date_gmt":"2020-12-16T18:55:11","guid":{"rendered":"http:\/\/wp.holoko.cz\/?page_id=1843"},"modified":"2025-11-12T10:33:10","modified_gmt":"2025-11-12T09:33:10","slug":"pruvodci","status":"publish","type":"page","link":"https:\/\/wp.holoko.cz\/index.php\/pruvodci\/","title":{"rendered":"Pr\u016fvodci"},"content":{"rendered":"\n<ul class=\"wp-block-list\">\n<li><a href=\"http:\/\/skaly.horosvaz.cz\/\" target=\"_blank\" rel=\"noreferrer noopener\">Datab\u00e1ze skal&nbsp;\u010cR<\/a>&nbsp;&#8211; ofici\u00e1ln\u00ed web \u010cHS<\/li>\n\n\n\n<li><a href=\"http:\/\/www.skalnioblasti.cz\/5_index.asp\">http:\/\/www.skalnioblasti.cz\/5_index.asp<\/a><\/li>\n\n\n\n<li><a href=\"https:\/\/fizig.de\/index.php?lang=cz\">http:\/\/klefue.dav-zittau.de\/<\/a>\u00a0&#8211; digit\u00e1ln\u00ed pr\u016fvodce Oybin Jonsdorf, Weissbachtal<\/li>\n<\/ul>\n\n\n\n<h3 class=\"wp-block-heading\">Vlastn\u00ed tvorba \u010dlen\u016f odd\u00edlu:<\/h3>\n\n\n\n<ul class=\"wp-block-list\">\n<li><a href=\"..\/..\/old\/pruvodci\/zbiroh\/zbindex.htm\" data-type=\"URL\" data-id=\"..\/..\/old\/pruvodci\/zbiroh\/zbindex.htm\" target=\"_blank\" rel=\"noreferrer noopener\">Zbiroh<\/a>&nbsp;&#8211; skaln\u00ed oblast nad Malou Sk\u00e1lou u Turnova, u obce Zbirohy, p\u0159ibli\u017en\u011b odpov\u00edd\u00e1 kni\u017en\u00edmu vyd\u00e1n\u00ed z roku 1994.<\/li>\n\n\n\n<li><a href=\"http:\/\/pepis.koudelka.sweb.cz\/Klokoci\/Zbirohy\/Zbirohy_Dodatky.pdf\" target=\"_blank\" rel=\"noreferrer noopener\">Dodatky k ti\u0161t\u011bn\u00e9mu pr\u016fvodci Zbiroh z r. 1994<\/a>&nbsp;&#8211; stav cest je pr\u016fb\u011b\u017en\u011b aktualizov\u00e1n.<\/li>\n\n\n\n<li><a href=\"http:\/\/sweb.cz\/Pepis.Koudelka\/Klokoci\/\" target=\"_blank\" rel=\"noreferrer noopener\">Betl\u00e9msk\u00e9 sk\u00e1ly a Kloko\u010d\u00ed<\/a>&nbsp;&#8211; pracovn\u00ed verze Pepisova pr\u016fvodce. Obsahuje i odkaz na pracovn\u00ed verzi \u017dehrova.<\/li>\n\n\n\n<li><a href=\"..\/..\/old\/pruvodci\/skoky\/skoky.htm\" data-type=\"URL\" data-id=\"..\/..\/old\/pruvodci\/skoky\/skoky.htm\">P\u0159eskoky v Jizersk\u00fdch hor\u00e1ch<\/a>&nbsp;&#8211; minipr\u016fvodce p\u0159eskoky a seskoky ve skaln\u00edch oblastech Jizersk\u00fdch hor.<\/li>\n\n\n\n<li><a href=\"https:\/\/wp.holoko.cz\/index.php\/oldrichovsky-mixy\/\">Ban\u00e1n\u016fv minipr\u016fvodce<\/a>&nbsp;&#8211; mixov\u00e9 cesty v Old\u0159ichovsk\u00e9m lomu.<\/li>\n\n\n\n<li><a href=\"https:\/\/wp.holoko.cz\/index.php\/oldahaking\/\">Mixy u Old\u0159ichovsk\u00e9ho tunelu<\/a><\/li>\n<\/ul>\n\n\n\n<h3 class=\"wp-block-heading\">Doporu\u010dujeme:<\/h3>\n\n\n\n<ul class=\"wp-block-list\">\n<li><a href=\"http:\/\/www.tatry.nfo.sk\">www.tatry.nfo.sk<\/a>&nbsp;&#8211; horolezeck\u00fd pr\u016fvodce Vysok\u00e9 Tatry<\/li>\n<\/ul>\n\n\n\n<p><\/p>\n","protected":false},"excerpt":{"rendered":"<p>Vlastn\u00ed tvorba \u010dlen\u016f odd\u00edlu: Doporu\u010dujeme:<\/p>\n","protected":false},"author":1,"featured_media":0,"parent":0,"menu_order":0,"comment_status":"closed","ping_status":"closed","template":"","meta":{"_bbp_topic_count":0,"_bbp_reply_count":0,"_bbp_total_topic_count":0,"_bbp_total_reply_count":0,"_bbp_voice_count":0,"_bbp_anonymous_reply_count":0,"_bbp_topic_count_hidden":0,"_bbp_reply_count_hidden":0,"_bbp_forum_subforum_count":0,"footnotes":""},"class_list":["post-1843","page","type-page","status-publish","hentry"],"_links":{"self":[{"href":"https:\/\/wp.holoko.cz\/index.php\/wp-json\/wp\/v2\/pages\/1843","targetHints":{"allow":["GET"]}}],"collection":[{"href":"https:\/\/wp.holoko.cz\/index.php\/wp-json\/wp\/v2\/pages"}],"about":[{"href":"https:\/\/wp.holoko.cz\/index.php\/wp-json\/wp\/v2\/types\/page"}],"author":[{"embeddable":true,"href":"https:\/\/wp.holoko.cz\/index.php\/wp-json\/wp\/v2\/users\/1"}],"replies":[{"embeddable":true,"href":"https:\/\/wp.holoko.cz\/index.php\/wp-json\/wp\/v2\/comments?post=1843"}],"version-history":[{"count":7,"href":"https:\/\/wp.holoko.cz\/index.php\/wp-json\/wp\/v2\/pages\/1843\/revisions"}],"predecessor-version":[{"id":59691,"href":"https:\/\/wp.holoko.cz\/index.php\/wp-json\/wp\/v2\/pages\/1843\/revisions\/59691"}],"wp:attachment":[{"href":"https:\/\/wp.holoko.cz\/index.php\/wp-json\/wp\/v2\/media?parent=1843"}],"curies":[{"name":"wp","href":"https:\/\/api.w.org\/{rel}","templated":true}]}}