{"id":59191,"date":"2022-01-18T23:09:08","date_gmt":"2022-01-18T22:09:08","guid":{"rendered":"https:\/\/wp.holoko.cz\/?page_id=59191"},"modified":"2022-01-19T00:20:06","modified_gmt":"2022-01-18T23:20:06","slug":"historie-oddilu","status":"publish","type":"page","link":"https:\/\/wp.holoko.cz\/index.php\/historie-oddilu\/","title":{"rendered":"Historie"},"content":{"rendered":"\n<p id=\"ctl00_cphBody_h1Title\">Historie HO Lokomotiva Liberec za\u010d\u00edn\u00e1 v roce 1945, kdy libereck\u00fd starosta Jan K\u00f6gler, Franti\u0161ek Kom\u00e1rek a Ladislav \u0160koln\u00edk zalo\u017eili horolezeck\u00fd odd\u00edl. Postupn\u011b se p\u0159id\u00e1vali dal\u0161\u00ed a \u010dlensk\u00e1 z\u00e1kladna se roz\u0161i\u0159ovala. Odd\u00edl spadal pod Klub \u010cesk\u00fdch turist\u016f a p\u0159i pozd\u011bj\u0161\u00ed reorganizaci t\u011blov\u00fdchovy p\u0159e\u0161el pod Sokol Liberec 1.<\/p>\n\n\n\n<p>Na po\u010d\u00e1tku pades\u00e1t\u00fdch let p\u0159i\u0161la skupina mlad\u0161\u00edch horolezc\u016f &#8211; p\u00edska\u0159\u016f, kte\u0159\u00ed p\u016fsobili v Liberci, ale p\u0159ihl\u00e1\u0161eni byli v turnovsk\u00e9m horolezeck\u00e9m odd\u00edle. Do odd\u00edlu p\u0159ich\u00e1zely i d\u00edvky se zru\u0161en\u00e9ho Jun\u00e1ka, kter\u00e9 poznaly Vysok\u00e9 Tatry z p\u0159ede\u0161l\u00fdch skautsk\u00fdch t\u00e1bor\u016f. Odd\u00edl po\u0159\u00e1dal pro nov\u00e1\u010dky takzvan\u00e9 Dny na skal\u00e1ch.<\/p>\n\n\n\n<p>B\u011bhem pades\u00e1t\u00fdch let se odd\u00edl p\u0159i reorganizaci t\u011blov\u00fdchovy rozdvojil na Lokomotivu a Spartak, av\u0161ak po kr\u00e1tk\u00e9 dob\u011b do\u0161lo ke spojen\u00ed do jednoho &#8211; Lokomotivy Liberec. \u010clensk\u00e1 z\u00e1kladna se postupn\u011b rozr\u016fstala a p\u0159es\u00e1hla 100 \u010dlen\u016f. Ve v\u00edce ne\u017e p\u016flstolet\u00e9 historii se v odd\u00edle vyst\u0159\u00eddalo a p\u016fsobilo mnoho horolezc\u016f r\u016fzn\u00fdch generac\u00ed, z nich\u017e se n\u011bkte\u0159\u00ed zapsali do horolezeck\u00e9 historie. Provozov\u00e1n\u00ed rizikov\u00e9 aktivity, kterou horolezectv\u00ed ve st\u0159edn\u00edch a vysok\u00fdch velehor\u00e1ch bezesporu je, s sebou p\u0159ineslo i n\u011bkolik trag\u00e9di\u00ed.<\/p>\n\n\n\n<p><strong>1961<\/strong>&nbsp;Radan Kucha\u0159 se Slov\u00e1kem Zbirinem vylezli severn\u00ed st\u011bnu Eigeru jako prvn\u00ed \u010cechoslov\u00e1ci<\/p>\n\n\n\n<p><strong>1966<\/strong>&nbsp;Josef \u010cihula, autor prvov\u00fdstupu \u00fadoln\u00ed st\u011bnou Kapeln\u00edka na Hruboskalsku, zahynul p\u0159i zimn\u00edm lezen\u00ed spole\u010dn\u011b s Erichem Soukupem z Jablonce nad Nisou ve V st\u011bn\u011b Baran\u00edch Roh\u016f.<\/p>\n\n\n\n<p><strong>1969<\/strong>&nbsp;Vladim\u00edr Proch\u00e1zka, autor knihy Z\u00e1klady Horolezectv\u00ed, p\u016fsobil jako vedouc\u00ed prvn\u00ed \u010ds. Expedice do Himal\u00e1j\u00ed na Anapurnu IV.<\/p>\n\n\n\n<p><strong>1970<\/strong>&nbsp;HO uspo\u0159\u00e1dal expedici, kter\u00e1 m\u011bla za hlavn\u00ed c\u00edl extr\u00e9mn\u00ed prvov\u00fdstup J st\u011bnou Huandoye v Peru. Po tragick\u00e9 smrti Ivana Bortela, kter\u00fd zahynul ne\u0161\u0165astnou n\u00e1hodou po uklouznut\u00ed na horsk\u00e9m chodn\u00edku 18.kv\u011btna 1970, v\u00fdprava redukovala pl\u00e1n v\u00fdstup\u016f na \u0161estitis\u00edcovku Pisco a v\u00fdstup na nejvy\u0161\u0161\u00ed horu Peru, J vrchol Huascar\u00e1nu 6768m.n.m. Po aklimatiza\u010dn\u00edm v\u00fdstupu na Pisco se cht\u011bli horolezci p\u0159esunot z t\u00e1bora u jezer na m\u00edsto v bl\u00edzkosti osady Musho, v\u00fdhodn\u011bj\u0161\u00ed pro uskute\u010dn\u011bn\u00ed v\u00fdstupu na J vrchol Huascar\u00e1nu. P\u0159esun ji\u017e nestihli uskute\u010dnit. Dne 31.kv\u011btna 1970 se cel\u00e1 expedice ve slo\u017een\u00ed Arno\u0161t \u010cern\u00edk, Milan \u010cern\u00fd, fotograf Vil\u00e9m Heckel, Ji\u0159\u00ed Jech, Valeri\u00e1n Karou\u0161ek, Jaroslav Krecbach, Milo\u0161 Matras, Ladislav Mejsnar, Milan N\u00e1hlovsk\u00fd, Bohumil Nejedlo, Zden\u011bk Novotn\u00fd, Ji\u0159\u00ed Rasl, Svatopluk Ulvr a V\u00e1clav Urban stala ob\u011bt\u00ed zem\u011bt\u0159esen\u00ed.<\/p>\n\n\n\n<p><strong>1973<\/strong>&nbsp;Jan Proch\u00e1zka, Janou\u0161ek a Tlapa zahynuli ve st\u011bn\u011b Trolltind v norsk\u00e9m Romsdalu.<\/p>\n\n\n\n<p><strong>1984<\/strong>&nbsp;Jan \u0160imon, autor mnoha prvov\u00fdstup\u016f na p\u00edskovc\u00edch, Tatr\u00e1ch a Alp\u00e1ch (Pt. Dru, Bergell), 1. \u010ds. p\u0159elezen\u00ed Pumprisse na pil\u00ed\u0159 Fleischbanku, v\u00fdstupy v Yosemitech, zahynul 23.10.1984 p\u0159i sestupu z vrcholu Dhaulagiri 8137m.<\/p>\n\n\n\n<p>K historii odd\u00edlu pat\u0159\u00ed i po\u0159\u00e1d\u00e1n\u00ed memori\u00e1lu expedice Peru &#8211;&nbsp;<a href=\"http:\/\/www.jiz50.cz\/\">Jizersk\u00e1 pades\u00e1tka<\/a>&nbsp;a tradice ly\u017ea\u0159sk\u00fdch \u0161tafet Zlat\u00fd cep\u00edn. Po roce 1989 do\u0161lo k odchodu mnoha \u010dlen\u016f a odd\u00edl se ocitnul p\u0159ed rozpadem. D\u00edky aktivit\u011b p\u0159edsedy Jindry Slez\u00e1ka, pam\u011btn\u00edka po\u010d\u00e1tk\u016f pov\u00e1le\u010dn\u00e9ho horolezectv\u00ed v Liberci, byla \u010dinnost odd\u00edlu obnovena.&nbsp;<\/p>\n\n\n\n<p>Po revoluci se v HO Loko Liberec zformovala nov\u00e1 generace lezc\u016f, nad\u0161en\u00e1 pro lezen\u00ed na skal\u00e1ch i v hor\u00e1ch. Po Jindrovi Slez\u00e1kovi, kter\u00fd ji\u017e bohu\u017eel nen\u00ed mezi n\u00e1mi, p\u0159evzal p\u0159edsednickou \u0161tafetu Honza Kadlec &#8211; Drn. Odd\u00edl d\u00e1le zachov\u00e1v\u00e1 v\u00edce ne\u017e 60-letou tradici po\u0159\u00e1d\u00e1n\u00ed z\u00e1vodu horolezeck\u00fdch ly\u017ea\u0159sk\u00fdch \u0161tafet&nbsp;<a href=\"http:\/\/Zlaty-cepin.html\" data-type=\"URL\" data-id=\"Zlaty-cepin.html\">Zlat\u00fd Cep\u00edn<\/a>, o n\u011bm\u017e a historii odd\u00edlu vy\u0161el i&nbsp;<a href=\"https:\/\/wp.holoko.cz\/wp-content\/uploads\/2022\/01\/zlaty_cepin_50_rocnik.pdf\" data-type=\"URL\" data-id=\"https:\/\/wp.holoko.cz\/wp-content\/uploads\/2022\/01\/zlaty_cepin_50_rocnik.pdf\">\u010dl\u00e1nek o ro\u010dn\u00edku 50<\/a> nebo <a href=\"https:\/\/wp.holoko.cz\/wp-content\/uploads\/2022\/01\/zlaty_cepin_clanek_58r.pdf\" data-type=\"URL\" data-id=\"https:\/\/wp.holoko.cz\/wp-content\/uploads\/2022\/01\/zlaty_cepin_clanek_58r.pdf\">\u010dl\u00e1nek o ro\u010dn\u00edku 58<\/a>&nbsp;v dobov\u00e9m tisku.&nbsp;<\/p>\n\n\n\n<p>Zakladatel HO Franta Kom\u00e1rek v r. 1945&nbsp;<\/p>\n\n\n\n<figure class=\"wp-block-image size-large\"><img loading=\"lazy\" decoding=\"async\" width=\"309\" height=\"410\" src=\"https:\/\/wp.holoko.cz\/wp-content\/uploads\/2022\/01\/komarek46.jpg\" alt=\"Zakladatel HO Franta Kom\u00e1rek v r. 1945 \" class=\"wp-image-59206\" srcset=\"https:\/\/wp.holoko.cz\/wp-content\/uploads\/2022\/01\/komarek46.jpg 309w, https:\/\/wp.holoko.cz\/wp-content\/uploads\/2022\/01\/komarek46-226x300.jpg 226w\" sizes=\"auto, (max-width: 309px) 100vw, 309px\" \/><\/figure>\n\n\n\n<p><\/p>\n\n\n\n<p>Bo\u0159e\u0148 1963 &#8211; v pop\u0159ed\u00ed b\u00fdval\u00fd p\u0159edseda Jind\u0159ich<\/p>\n\n\n\n<figure class=\"wp-block-image size-large\"><img loading=\"lazy\" decoding=\"async\" width=\"649\" height=\"462\" src=\"https:\/\/wp.holoko.cz\/wp-content\/uploads\/2022\/01\/jindrich63.jpg\" alt=\"\" class=\"wp-image-59208\" srcset=\"https:\/\/wp.holoko.cz\/wp-content\/uploads\/2022\/01\/jindrich63.jpg 649w, https:\/\/wp.holoko.cz\/wp-content\/uploads\/2022\/01\/jindrich63-300x214.jpg 300w\" sizes=\"auto, (max-width: 649px) 100vw, 649px\" \/><\/figure>\n\n\n\n<p>Z p\u016fsoben\u00ed \u010coka\u0159e v Yosemitech v r. 1998<\/p>\n\n\n\n<figure class=\"wp-block-image size-large is-resized\"><img loading=\"lazy\" decoding=\"async\" src=\"https:\/\/wp.holoko.cz\/wp-content\/uploads\/2022\/01\/cokar_yos1.jpg\" alt=\"\" class=\"wp-image-59209\" width=\"520\" height=\"764\" srcset=\"https:\/\/wp.holoko.cz\/wp-content\/uploads\/2022\/01\/cokar_yos1.jpg 520w, https:\/\/wp.holoko.cz\/wp-content\/uploads\/2022\/01\/cokar_yos1-204x300.jpg 204w\" sizes=\"auto, (max-width: 520px) 100vw, 520px\" \/><\/figure>\n\n\n\n<figure class=\"wp-block-image size-large is-resized\"><img loading=\"lazy\" decoding=\"async\" src=\"https:\/\/wp.holoko.cz\/wp-content\/uploads\/2022\/01\/cokar_yos2.jpg\" alt=\"\" class=\"wp-image-59210\" width=\"505\" height=\"725\" srcset=\"https:\/\/wp.holoko.cz\/wp-content\/uploads\/2022\/01\/cokar_yos2.jpg 505w, https:\/\/wp.holoko.cz\/wp-content\/uploads\/2022\/01\/cokar_yos2-209x300.jpg 209w\" sizes=\"auto, (max-width: 505px) 100vw, 505px\" \/><\/figure>\n\n\n\n<figure class=\"wp-block-image size-large is-resized\"><img loading=\"lazy\" decoding=\"async\" src=\"https:\/\/wp.holoko.cz\/wp-content\/uploads\/2022\/01\/cokar_yos3.jpg\" alt=\"\" class=\"wp-image-59211\" width=\"501\" height=\"733\" srcset=\"https:\/\/wp.holoko.cz\/wp-content\/uploads\/2022\/01\/cokar_yos3.jpg 501w, https:\/\/wp.holoko.cz\/wp-content\/uploads\/2022\/01\/cokar_yos3-205x300.jpg 205w\" sizes=\"auto, (max-width: 501px) 100vw, 501px\" \/><\/figure>\n","protected":false},"excerpt":{"rendered":"<p>Historie HO Lokomotiva Liberec za\u010d\u00edn\u00e1 v roce 1945, kdy libereck\u00fd starosta Jan K\u00f6gler, Franti\u0161ek Kom\u00e1rek a Ladislav \u0160koln\u00edk zalo\u017eili horolezeck\u00fd odd\u00edl. Postupn\u011b se p\u0159id\u00e1vali dal\u0161\u00ed&hellip;<\/p>\n","protected":false},"author":1,"featured_media":0,"parent":0,"menu_order":0,"comment_status":"closed","ping_status":"closed","template":"","meta":{"_bbp_topic_count":0,"_bbp_reply_count":0,"_bbp_total_topic_count":0,"_bbp_total_reply_count":0,"_bbp_voice_count":0,"_bbp_anonymous_reply_count":0,"_bbp_topic_count_hidden":0,"_bbp_reply_count_hidden":0,"_bbp_forum_subforum_count":0,"footnotes":""},"class_list":["post-59191","page","type-page","status-publish","hentry"],"_links":{"self":[{"href":"https:\/\/wp.holoko.cz\/index.php\/wp-json\/wp\/v2\/pages\/59191","targetHints":{"allow":["GET"]}}],"collection":[{"href":"https:\/\/wp.holoko.cz\/index.php\/wp-json\/wp\/v2\/pages"}],"about":[{"href":"https:\/\/wp.holoko.cz\/index.php\/wp-json\/wp\/v2\/types\/page"}],"author":[{"embeddable":true,"href":"https:\/\/wp.holoko.cz\/index.php\/wp-json\/wp\/v2\/users\/1"}],"replies":[{"embeddable":true,"href":"https:\/\/wp.holoko.cz\/index.php\/wp-json\/wp\/v2\/comments?post=59191"}],"version-history":[{"count":10,"href":"https:\/\/wp.holoko.cz\/index.php\/wp-json\/wp\/v2\/pages\/59191\/revisions"}],"predecessor-version":[{"id":59231,"href":"https:\/\/wp.holoko.cz\/index.php\/wp-json\/wp\/v2\/pages\/59191\/revisions\/59231"}],"wp:attachment":[{"href":"https:\/\/wp.holoko.cz\/index.php\/wp-json\/wp\/v2\/media?parent=59191"}],"curies":[{"name":"wp","href":"https:\/\/api.w.org\/{rel}","templated":true}]}}